244 a factor of 15860?
True
Does 35 divide 665?
True
Is 196 a multiple of 56?
False
Is 1512 a multiple of 63?
True
Is 5924 a multiple of 84?
False
Is 11 a factor of 3277?
False
Is 3954 a multiple of 70?
False
Is 507 a multiple of 21?
False
Does 45 divide 8325?
True
Is 21 a factor of 13818?
True
Does 10 divide 4813?
False
Is 12 a factor of 5910?
False
Is 25830 a multiple of 246?
True
Is 9 a factor of 1393?
False
Is 38783 a multiple of 30?
False
Does 110 divide 33660?
True
Is 316 a multiple of 4?
True
Is 17 a factor of 1986?
False
Is 34298 a multiple of 280?
False
Does 42 divide 10412?
False
Is 1196 a multiple of 13?
True
Is 17 a factor of 625?
False
Does 10 divide 440?
True
Is 16 a factor of 8272?
True
Does 23 divide 2931?
False
Does 5 divide 608?
False
Is 4692 a multiple of 6?
True
Is 8606 a multiple of 13?
True
Does 29 divide 1885?
True
Is 455 a multiple of 9?
False
Is 22 a factor of 9687?
False
Does 52 divide 676?
True
Is 10634 a multiple of 26?
True
Is 5750 a multiple of 50?
True
Is 52 a factor of 572?
True
Is 23 a factor of 2116?
True
Is 15010 a multiple of 5?
True
Does 106 divide 1262?
False
Is 216 a multiple of 18?
True
Does 17 divide 566?
False
Does 61 divide 1059?
False
Is 62 a factor of 13268?
True
Is 604 a multiple of 17?
False
Does 26 divide 74?
False
Is 13 a factor of 8450?
True
Is 17 a factor of 1343?
True
Is 132 a multiple of 3?
True
Is 12 a factor of 13920?
True
Is 13 a factor of 735?
False
Is 5256 a multiple of 72?
True
Is 5 a factor of 80?
True
Is 19656 a multiple of 56?
True
Does 8 divide 9360?
True
Is 68 a factor of 2516?
True
Is 9 a factor of 5906?
False
Is 15640 a multiple of 34?
True
Is 9 a factor of 441?
True
Does 111 divide 6216?
True
Does 29 divide 377?
True
Is 546 a multiple of 34?
False
Is 1725 a multiple of 28?
False
Is 31 a factor of 2046?
True
Is 20 a factor of 400?
True
Is 122 a factor of 14533?
False
Is 80 a factor of 1120?
True
Does 36 divide 4271?
False
Is 66 a factor of 330?
True
Is 35 a factor of 366?
False
Is 151578 a multiple of 283?
False
Is 16302 a multiple of 209?
True
Is 7 a factor of 1736?
True
Is 3 a factor of 6441?
True
Does 21 divide 59577?
True
Is 1409 a multiple of 30?
False
Is 10 a factor of 1135?
False
Is 6 a multiple of 2?
True
Is 84 a factor of 10773?
False
Is 95 a factor of 16083?
False
Is 129 a factor of 4744?
False
Is 34560 a multiple of 320?
True
Does 361 divide 87362?
True
Is 16120 a multiple of 31?
True
Is 10 a factor of 1210?
True
Does 16 divide 31932?
False
Is 11625 a multiple of 75?
True
Does 6 divide 88?
False
Is 4 a factor of 6708?
True
Is 7 a factor of 2941?
False
Does 7 divide 371?
True
Is 43850 a multiple of 50?
True
Does 315 divide 21735?
True
Does 11 divide 7557?
True
Is 6300 a multiple of 60?
True
Is 207 a multiple of 9?
True
Is 54912 a multiple of 104?
True
Does 70 divide 22400?
True
Is 32 a multiple of 15?
False
Does 16 divide 1888?
True
Is 1288 a multiple of 23?
True
Is 3 a factor of 660?
True
Does 68 divide 748?
True
Is 44 a factor of 20768?
True
Does 97 divide 58747?
False
Does 6 divide 7939?
False
Does 17 divide 24551?
False
Is 3956 a multiple of 9?
False
Does 6 divide 954?
True
Does 36 divide 16488?
True
Is 925 a multiple of 25?
True
Is 19920 a multiple of 134?
False
Is 1512 a multiple of 9?
True
Is 125 a multiple of 38?
False
Does 73 divide 21195?
False
Is 11265 a multiple of 13?
False
Does 9 divide 621?
True
Is 8 a factor of 890?
False
Is 13 a factor of 390?
True
Does 87 divide 3217?
False
Is 40 a factor of 720?
True
Does 167 divide 13527?
True
Is 1275 a multiple of 25?
True
Is 74 a factor of 7557?
False
Is 868 a multiple of 14?
True
Does 12 divide 32136?
True
Is 15 a factor of 11124?
False
Is 18 a factor of 11252?
False
Is 18210 a multiple of 5?
True
Is 98 a factor of 116326?
True
Is 15 a factor of 5700?
True
Does 94 divide 38075?
False
Is 12 a factor of 21985?
False
Does 7 divide 5359?
False
Is 7 a factor of 3486?
True
Is 32 a factor of 45241?
False
Is 5 a factor of 1190?
True
Is 46904 a multiple of 22?
True
Is 932 a multiple of 6?
False
Is 132 a factor of 12447?
False
Is 1307 a multiple of 6?
False
Is 6 a factor of 469?
False
Is 15 a factor of 1833?
False
Does 29 divide 928?
True
Is 27 a factor of 2565?
True
Does 53 divide 1643?
True
Is 360 a multiple of 36?
True
Is 291 even?
False
Does 63 divide 4025?
False
Is 27 a factor of 621?
True
Does 154 divide 4004?
True
Does 14 divide 1871?
False
Is 7717 a multiple of 112?
False
Is 40 a factor of 6760?
True
Is 490 a multiple of 4?
False
Is 3 a factor of 33447?
True
Is 23343 a multiple of 93?
True
Does 60 divide 2640?
True
Does 13 divide 4595?
False
Is 62 a factor of 2604?
True
Does 22 divide 46661?
False
Does 85 divide 850?
True
Is 208 a multiple of 13?
True
Is 55 a factor of 6202?
False
Is 18 a factor of 44550?
True
Is 2361 a multiple of 10?
False
Is 6 a factor of 112?
False
Is 4982 a multiple of 53?
True
Does 15 divide 6060?
True
Does 7 divide 5229?
True
Does 15 divide 1468?
False
Is 74 a multiple of 74?
True
Is 20047 a multiple of 29?
False
Is 13 a factor of 837?
False
Is 6030 a multiple of 90?
True
Is 5727 a multiple of 47?
False
Does 84 divide 952?
False
Does 5 divide 3189?
False
Is 15 a factor of 19350?
True
Is 4 a factor of 12?
True
Is 73758 a multiple of 38?
True
Is 22 a factor of 1465?
False
Is 4 a factor of 476?
True
Does 86 divide 2924?
True
Is 33022 a multiple of 38?
True
Is 19355 a multiple of 35?
True
Does 37 divide 148?
True
Is 13 a factor of 1232?
False
Is 40 a factor of 623?
False
Is 26109 a multiple of 116?
False
Is 3534 a multiple of 57?
True
Is 58 a factor of 2726?
True
Is 460 a multiple of 10?
True
Is 53 a factor of 9825?
False
Is 26600 a multiple of 76?
True
Does 405 divide 148230?
True
Is 6324 a multiple of 34?
True
Is 1102 a multiple of 29?
True
Does 8 divide 32?
True
Does 27 divide 9504?
True
Is 28 a factor of 15568?
True
Is 10 a factor of 91400?
True
Is 56 a factor of 5096?
True
Does 9 divide 531?
True
Is 2486 a multiple of 9?
False
Is 3608 a multiple of 44?
True
Does 7 divide 385?
True
Is 24669 a multiple of 76?
False
Does 58 divide 12644?
True
Is 29460 a multiple of 15?
True
Is 3945 a multiple of 15?
True
Does 2 divide 7623?
False
Is 36585 a multiple of 5?
True
Does 38 divide 100662?
True
Is 1056 a multiple of 16?
True
Is 13 a factor of 416?
True
Is 33 a factor of 50490?
True
Is 193 a multiple of 34?
False
Is 2207 a multiple of 102?
False
Does 72 divide 18315?
False
Is 66049 a multiple of 85?
False
Is 364 a multiple of 15?
False
Is 83888 a multiple of 214?
True
Is 136 a factor of 3142?
False
Is 75 a factor of 1564?
False
Is 9 a factor of 1436?
False
Does 13 divide 70876?
True
Is 4 a factor of 980?
True
Is 61106 a multiple of 27?
False
Is 2 a factor of 45?
False
Does 5 divide 876?
False
Is 905 a multiple of 181?
True
Is 51 a factor of 8738?
False
Is 1625 a multiple of 88?
False
Is 3 a factor of 12315?
True
Is 9 a factor of 2022?
False
Is 88 a factor of 7122?
False
Is 37 a factor of 592?
True
Does 5 divide 177?
False
Does 18 divide 753?
False
Does 189 divide 9050?
False
Is 48 a factor of 13779?
False
Does 6 divide 3389?
False
Is 10 a factor of 110?
True
Does 6 divide 158?
False
Is 4 a factor of 188?
True
Does 274 divide 59732?
True
Is 4970 a multiple of 71?
True
Is 383 a multiple of 16?
False
Is 100 a factor of 22100?
True
Does 113 divide 15111?
False
Is 3264 a multiple of 24?
True
Does 31 divide 57005?
False
Is 7 a factor of 144?
False
Is 1692 a multiple of 113?
False
Is 27 a factor of 806?
False
Is 2848 a multiple of 9?
False
Is 38 a factor of 24983?
False
Is 34 a factor of 2018?
False
Does 53 divide 22631?
True
Is 42 a factor of 5376?
True
Is 45 a factor of 3735?
True
Is 198 a factor of 15246?
True
Does 13 divide 3568?
False
Does 9 divide 495?
True
Is 245 even?
False
Does 3 divide 3673?
False
Is 108 a multiple of 12?
True
Is 21 a factor of 63?
True
Does 116 divide 3163?
False
Is 6 a factor of 2454?
True
Is 1050 a multiple of 70?
True
Does 21 divide 2727?
False
Is 2560 a multiple of 4?
True
Does 57 divide 912?
True
Is 59411 a multiple of 116?
False
Is 36744 a multiple of 95?
False
Does 8 divide 1900?
False
Is 789 a multiple of 82?
False
Does 31 divide 21470?
False
Is 17653 a multiple of 19?
False
Does 28 divide 8135?
False
Is 518 a multiple of 37?
True
Is 89854 a multiple of 38?
False
Is 7